{"id":7632,"date":"2022-11-15T11:25:57","date_gmt":"2022-11-15T11:25:57","guid":{"rendered":"https:\/\/www.crobel.pt\/?page_id=7632"},"modified":"2022-11-15T11:25:57","modified_gmt":"2022-11-15T11:25:57","slug":"politica-de-privacidade","status":"publish","type":"page","link":"https:\/\/www.crobel.pt\/?page_id=7632","title":{"rendered":"Pol\u00edtica de Privacidade"},"content":{"rendered":"<p>[vc_row][vc_column][vc_column_text]<\/p>\n<h2 class=\"western\" lang=\"pt-PT\">Informa\u00e7\u00e3o e Consentimento<\/h2>\n<p lang=\"pt-PT\">A Lei da Prote\u00e7\u00e3o de Dados Pessoais e o Regulamento Geral de Prote\u00e7\u00e3o de Dados (Regulamento (UE) 2016\/679 do Parlamento Europeu e do Conselho de 27 de abril de 2016) asseguram a prote\u00e7\u00e3o das pessoas singulares, em rela\u00e7\u00e3o ao tratamento de dados pessoais e \u00e0 livre circula\u00e7\u00e3o dos mesmos.<\/p>\n<p lang=\"pt-PT\">S\u00e3o considerados dados pessoais qualquer informa\u00e7\u00e3o, independentemente do suporte, relativo a uma pessoa singular poss\u00edvel de identificar. Assim a prote\u00e7\u00e3o n\u00e3o abrange os dados de pessoas coletivas.<\/p>\n<p lang=\"pt-PT\">Uma vez aceite a nossa Pol\u00edtica de Privacidade o utilizador presta o seu consentimento informado, expresso, livre e inequ\u00edvoco para que os dados pessoais fornecidos atrav\u00e9s dos nossos meios de contacto sejam inclu\u00eddos num ficheiro da nossa responsabilidade, e cujo tratamento cumpre as medidas de seguran\u00e7a t\u00e9cnicas e organizativas adequadas.<\/p>\n<p lang=\"pt-PT\">Os dados presentes na base de dados, s\u00e3o unicamente os dados prestados pelos utilizadores na altura do seu registo.<\/p>\n<p lang=\"pt-PT\">Em momento algum solicitaremos informa\u00e7\u00f5es relativas a convic\u00e7\u00f5es filos\u00f3ficas ou pol\u00edticas, filia\u00e7\u00e3o partid\u00e1ria ou sindical, f\u00e9 religiosa, vida privada e origem racial ou \u00e9tnica, bem como os dados relativos \u00e0 vida sexual ou dados gen\u00e9ticos.<br \/>\nN\u00e3o iremos, em caso algum:<\/p>\n<ol>\n<li>\n<p lang=\"pt-PT\">Ceder os dados a outras pessoas ou entidades, sem o consentimento pr\u00e9vio do titular dos dados;<\/p>\n<\/li>\n<li>\n<p lang=\"pt-PT\">Transferir os dados para fora do Espa\u00e7o Econ\u00f3mico Europeu, sem o consentimento pr\u00e9vio do titular dos dados.<\/p>\n<\/li>\n<\/ol>\n<h2 class=\"western\" lang=\"pt-PT\">Finalidades do tratamento de Dados Pessoais<\/h2>\n<p lang=\"pt-PT\">Os dados pessoais ser\u00e3o unicamente utilizados para as seguintes finalidades:<\/p>\n<ol>\n<li>\n<p lang=\"pt-PT\">Execu\u00e7\u00e3o e gest\u00e3o de contrato de compra e venda;<\/p>\n<\/li>\n<li>\n<p lang=\"pt-PT\">Processamento de encomendas;<\/p>\n<\/li>\n<li>\n<p lang=\"pt-PT\">Comunica\u00e7\u00e3o com clientes e esclarecimento de d\u00favidas;<\/p>\n<\/li>\n<li>\n<p lang=\"pt-PT\">Processamento de pedidos de informa\u00e7\u00e3o;<\/p>\n<\/li>\n<li>\n<p lang=\"pt-PT\">Processamento de reclama\u00e7\u00f5es;<\/p>\n<\/li>\n<li>\n<p lang=\"pt-PT\">Atividades de an\u00e1lise estat\u00edstica, incluindo: verifica\u00e7\u00e3o, manter e \/ ou desenvolver sistemas e an\u00e1lises estat\u00edsticas<\/p>\n<\/li>\n<li>\n<p lang=\"pt-PT\">Comunica\u00e7\u00f5es de marketing direto, caso o consinta;<\/p>\n<\/li>\n<li>\n<p lang=\"pt-PT\">Preven\u00e7\u00e3o e combate \u00e0 fraude;<\/p>\n<\/li>\n<li>\n<p lang=\"pt-PT\">Solicita\u00e7\u00e3o de coment\u00e1rios a produtos ou servi\u00e7os;<\/p>\n<\/li>\n<li>\n<p lang=\"pt-PT\">Gest\u00e3o de eventos, passatempos e campanhas;<\/p>\n<\/li>\n<li>\n<p lang=\"pt-PT\">Realiza\u00e7\u00e3o de inqu\u00e9ritos de satisfa\u00e7\u00e3o.<\/p>\n<\/li>\n<\/ol>\n<p lang=\"pt-PT\">Garantimos a confidencialidade de todos os dados fornecidos. N\u00e3o obstante \u00e0 recolha e ao tratamento de dados de forma segura, o que impede a sua perda ou manipula\u00e7\u00e3o, utilizando os sistemas mais atuais para o efeito, informamos que a recolha em rede aberta permite a circula\u00e7\u00e3o dos dados pessoais sem condi\u00e7\u00f5es de seguran\u00e7a, podendo correr o risco destes serem vistos e utilizados por terceiros n\u00e3o autorizados.<\/p>\n<p lang=\"pt-PT\">O utilizador somente ter\u00e1 que preencher os dados considerados obrigat\u00f3rios para aceder ao servi\u00e7o para o qual os dados foram solicitados. O n\u00e3o preenchimento de outros dados n\u00e3o colocaram em causa o bom atendimento e a qualidade do servi\u00e7o prestado.<\/p>\n<p lang=\"pt-PT\">Caso n\u00e3o concorde com as condi\u00e7\u00f5es acima referidas n\u00e3o poderemos fornecer qualquer produto e\/ou servi\u00e7o atrav\u00e9s da nossa plataforma online.<\/p>\n<h2 class=\"western\" lang=\"pt-PT\">Que direitos tem sobre os seus dados<\/h2>\n<p lang=\"pt-PT\">Se tiver uma conta no site, ou deixar coment\u00e1rios poder\u00e1 pedir uma exporta\u00e7\u00e3o do ficheiro dos seus dados pessoais guardados por n\u00f3s.<\/p>\n<p lang=\"pt-PT\">Poder\u00e1 ainda solicitar que os dados sejam apagados. Os dados que iremos remover dizem respeito a informa\u00e7\u00f5es que j\u00e1 n\u00e3o sejam necess\u00e1rias, se os seus dados tiverem sido utilizados ilicitamente, ou no caso dos dados pessoais terem sido fornecidos quando era crian\u00e7a.Tal n\u00e3o ser\u00e1 aplicado a dados que somos obrigados a guardar por quest\u00f5es administrativas, legais ou com o prop\u00f3sito de seguran\u00e7a.<\/p>\n<h2 class=\"western\" lang=\"pt-PT\">Que dados pessoais recolhemos e porque os recolhemos<\/h2>\n<h3 class=\"western\" lang=\"pt-PT\">Coment\u00e1rios<\/h3>\n<p lang=\"pt-PT\">Quando os utilizadores fazem um coment\u00e1rio no nosso site, n\u00f3s guardamos os dados que aparecem no formul\u00e1rio de coment\u00e1rios, bem como o endere\u00e7o de IP do utilizador. O browser utilizar\u00e1 vari\u00e1veis para ajudar a detetar poss\u00edveis spam.<\/p>\n<h3 class=\"western\" lang=\"pt-PT\">Meios de comunica\u00e7\u00e3o<\/h3>\n<p lang=\"pt-PT\">Se carregar imagens para o website, dever\u00e1 evitar carregar imagens com os dados de localiza\u00e7\u00e3o (EXIF GPS) inclu\u00eddos. Os utilizadores do website podem fazer download e extrair os dados de localiza\u00e7\u00e3o das imagens do website.<\/p>\n<h2 class=\"western\" lang=\"pt-PT\">Cookies<\/h2>\n<p lang=\"pt-PT\">\u201cCookies\u201d s\u00e3o pequenas etiquetas de software que s\u00e3o armazenadas no seu computador atrav\u00e9s do navegador (browser), retendo apenas informa\u00e7\u00e3o relacionada com as suas prefer\u00eancias, n\u00e3o incluindo, como tal, os seus dados pessoais.<\/p>\n<h3 class=\"western\" lang=\"pt-PT\">Para que servem os Cookies?<br \/>\n<span style=\"font-size: medium;\">Os cookies servem para ajudar a determinar a utilidade, interesse e o n\u00famero de utiliza\u00e7\u00f5es dos seus websites, permitindo uma navega\u00e7\u00e3o mais r\u00e1pida e eficiente, eliminando a necessidade de introduzir repetidamente as mesmas informa\u00e7\u00f5es.<\/span><\/h3>\n<h3 class=\"western\" lang=\"pt-PT\">Que tipo de cookies existem?<br \/>\n<span style=\"font-size: medium;\">Existem dois grupos cookies que podem ser utilizados<\/span><\/h3>\n<p lang=\"pt-PT\">\u2013 <b>Cookies permanentes<\/b> \u2013 s\u00e3o cookies que ficam armazenados ao n\u00edvel do browser nos seus equipamentos de acesso (PC, mobile e tablet) e que s\u00e3o utilizados sempre que faz uma nova visita a um dos nossos websites. S\u00e3o utilizados, geralmente, para direcionar a navega\u00e7\u00e3o aos interesses do utilizador, permitindo-nos prestar um servi\u00e7o mais personalizado.<\/p>\n<p lang=\"pt-PT\">\u2013 <b>Cookies de sess\u00e3o<\/b> \u2013 s\u00e3o cookies tempor\u00e1rios que permanecem no arquivo de cookies do seu browser at\u00e9 sair do website. A informa\u00e7\u00e3o obtida por estes cookies serve para analisar padr\u00f5es de tr\u00e1fego na web, permitindo-nos identificar problemas e fornecer uma melhor experi\u00eancia de navega\u00e7\u00e3o.<\/p>\n<h3 class=\"western\" lang=\"pt-PT\">Para que fins utilizamos cookies?<\/h3>\n<p lang=\"pt-PT\">\u2013 <b>Cookies estritamente necess\u00e1rios<\/b> \u2013 Permitem que navegue no website e utilize as suas aplica\u00e7\u00f5es, bem como aceder a \u00e1reas seguras do website. Sem estes cookies, os servi\u00e7os que tenha requerido n\u00e3o podem ser prestados.<br \/>\n\u2013 <b>Cookies anal\u00edticos<\/b> \u2013 S\u00e3o utilizados anonimamente para efeitos de cria\u00e7\u00e3o e an\u00e1lise de estat\u00edsticas, no sentido de melhorar o funcionamento do website.<br \/>\n\u2013 <b>Cookies de funcionalidade<\/b> \u2013 Guardam as prefer\u00eancias do utilizador relativamente \u00e0 utiliza\u00e7\u00e3o do site, para que n\u00e3o seja necess\u00e1rio voltar a configurar o site cada vez que o visita.<br \/>\n\u2013 <b>Cookies de terceiros<\/b> \u2013 Medem o sucesso de aplica\u00e7\u00f5es e a efic\u00e1cia da publicidade de terceiros. Podem tamb\u00e9m ser utilizados no sentido de personalizar um widget com dados do utilizador.<br \/>\n<b>Cookies de publicidade <\/b>\u2013 Direcionam a publicidade em fun\u00e7\u00e3o dos interesses de cada utilizador, por forma a direcionar as campanhas publicit\u00e1rias tendo em conta os gostos dos utilizadores, sendo que, al\u00e9m disso, limitam a quantidade de vezes que v\u00ea o an\u00fancio, ajudando a medir a efic\u00e1cia da publicidade e o sucesso da organiza\u00e7\u00e3o do website.<\/p>\n<h3 class=\"western\" lang=\"pt-PT\">Como pode gerir os cookies?<br \/>\n<span style=\"font-size: medium;\">Todos os browsers permitem ao utilizador aceitar, recusar ou apagar cookies, nomeadamente atrav\u00e9s da sele\u00e7\u00e3o das defini\u00e7\u00f5es apropriadas no respetivo navegador. Pode configurar os cookies no menu \u201cop\u00e7\u00f5es\u201d ou \u201cprefer\u00eancias\u201d do seu browser.<\/span><\/h3>\n<p lang=\"pt-PT\"><span style=\"font-size: medium;\">Note-se, no entanto, que, ao desativar cookies, pode impedir que alguns servi\u00e7os da web funcionem corretamente, afetando, parcial ou totalmente, a navega\u00e7\u00e3o no website.<\/span><\/p>\n<h2 class=\"western\" lang=\"pt-PT\">Durante quanto tempo n\u00f3s guardamos os teus dados<\/h2>\n<p lang=\"pt-PT\">Se deixar um coment\u00e1rio, o coment\u00e1rio e os dados a ele agregados ser\u00e3o guardados, pelo menos, durante um ano. Isto servir\u00e1 para os seus coment\u00e1rios serem aprovados imediatamente, caso contrario seriam retidos at\u00e9 ser verificado.<\/p>\n<p lang=\"pt-PT\">Em caso de registo de utilizador, se aplic\u00e1vel, tamb\u00e9m iremos armazenar a informa\u00e7\u00e3o pessoal que for providenciada no perfil. Os utilizadores podem ver, editar ou apagar a informa\u00e7\u00e3o pessoal a qualquer altura (s\u00f3 n\u00e3o poder\u00e1 ser alterado o nome de utilizador &#8220;username&#8221;). Os administradores poder\u00e3o, inclusive, ver e editar a informa\u00e7\u00e3o.<\/p>\n<p>[\/vc_column_text][\/vc_column][\/vc_row]<\/p>\n<div class=\"row\">\n<div class=\"large-12 columns after-content-output\">\n","protected":false},"excerpt":{"rendered":"<p>[vc_row][vc_column][vc_column_text] Informa\u00e7\u00e3o e Consentimento A Lei da Prote\u00e7\u00e3o de Dados Pessoais e o Regulamento Geral de Prote\u00e7\u00e3o de Dados (Regulamento (UE) 2016\/679 do Parlamento Europeu e do Conselho de 27 de abril de 2016) asseguram a prote\u00e7\u00e3o das pessoas singulares, em rela\u00e7\u00e3o ao tratamento de dados pessoais e \u00e0 livre circula\u00e7\u00e3o dos mesmos. S\u00e3o considerados dados pessoais qualquer informa\u00e7\u00e3o, independentemente [&#8230;]<\/p>\n","protected":false},"author":6,"featured_media":0,"parent":0,"menu_order":0,"comment_status":"closed","ping_status":"closed","template":"","meta":{"footnotes":""},"class_list":["post-7632","page","type-page","status-publish","hentry"],"_links":{"self":[{"href":"https:\/\/www.crobel.pt\/index.php?rest_route=\/wp\/v2\/pages\/7632"}],"collection":[{"href":"https:\/\/www.crobel.pt\/index.php?rest_route=\/wp\/v2\/pages"}],"about":[{"href":"https:\/\/www.crobel.pt\/index.php?rest_route=\/wp\/v2\/types\/page"}],"author":[{"embeddable":true,"href":"https:\/\/www.crobel.pt\/index.php?rest_route=\/wp\/v2\/users\/6"}],"replies":[{"embeddable":true,"href":"https:\/\/www.crobel.pt\/index.php?rest_route=%2Fwp%2Fv2%2Fcomments&post=7632"}],"version-history":[{"count":1,"href":"https:\/\/www.crobel.pt\/index.php?rest_route=\/wp\/v2\/pages\/7632\/revisions"}],"predecessor-version":[{"id":7633,"href":"https:\/\/www.crobel.pt\/index.php?rest_route=\/wp\/v2\/pages\/7632\/revisions\/7633"}],"wp:attachment":[{"href":"https:\/\/www.crobel.pt\/index.php?rest_route=%2Fwp%2Fv2%2Fmedia&parent=7632"}],"curies":[{"name":"wp","href":"https:\/\/api.w.org\/{rel}","templated":true}]}}